
-15
In base 10, what is 14 + -68?
-54
In base 6, what is -4 - -5421?
5413
In base 12, what is 1 - 85?
-84
In base 13, what is -3 + -c4?
-c7
In base 14, what is -4 + -2b?
-31
In base 7, what is 13654 + -2?
13652
In base 7, what is 12 + 24?
36
In base 16, what is 18 - -8?
20
In base 7, what is -1 + -12326?
-12330
In base 7, what is -251 - -4?
-244
In base 10, what is 14 + -657?
-643
In base 6, what is -4 - -50?
42
In base 10, what is 6 + -39?
-33
In base 14, what is -119 - 1b?
-136
In base 16, what is 10 + 217?
227
In base 13, what is 55 - -4?
59
In base 11, what is -1a3 - -60?
-143
In base 9, what is -13 + -47?
-61
In base 5, what is -2413 - 1?
-2414
In base 16, what is 2 - -187?
189
In base 4, what is -3320 - -23?
-3231
In base 5, what is 3140 + -1?
3134
In base 11, what is 60 + -5?
56
In base 13, what is 68 - -3?
6b
In base 9, what is -50343 - -3?
-50340
In base 10, what is 1 + -5242?
-5241
In base 8, what is -142 - 66?
-230
In base 16, what is 78 - 5?
73
In base 12, what is 13 - -18a3?
18b6
In base 12, what is -498 + -4?
-4a0
In base 8, what is -106 - -24?
-62
In base 8, what is 4 + -1017?
-1013
In base 7, what is -245 - 11?
-256
In base 9, what is -3 - 3555?
-3558
In base 6, what is -5 + 555?
550
In base 7, what is 115 - 15?
100
In base 5, what is -2 - 4030?
-4032
In base 14, what is 25 + -39?
-14
In base 10, what is 515 + 3?
518
In base 3, what is -2102110 + -10?
-2102120
In base 2, what is -11111001 + -100?
-11111101
In base 14, what is a9 + 9?
b4
In base 3, what is -1200 + 201010?
122110
In base 5, what is -13413 - 21?
-13434
In base 11, what is 4 + 69?
72
In base 10, what is -278 + -45?
-323
In base 7, what is 651 - 10?
641
In base 5, what is -10 + 132123?
132113
In base 10, what is 566 + 20?
586
In base 8, what is -502 + 2?
-500
In base 9, what is 25282 - 0?
25282
In base 11, what is -5 - -7a?
75
In base 5, what is -111 + 441?
330
In base 16, what is -91 - 1a?
-ab
In base 13, what is -26 + -35?
-5b
In base 15, what is -1 - -74?
73
In base 11, what is 18 + 44a?
467
In base 6, what is 3 - 232?
-225
In base 7, what is 6362 + -4?
6355
In base 12, what is -115 - -5?
-110
In base 5, what is -3114 - 1?
-3120
In base 2, what is -11100 + 10010?
-1010
In base 11, what is 0 + -2a?
-2a
In base 11, what is -649 + -4?
-652
In base 4, what is 3 + -312?
-303
In base 9, what is -11217 - 1?
-11218
In base 8, what is -146 - -42?
-104
In base 9, what is 5 + 63?
68
In base 7, what is -166 - 41?
-240
In base 12, what is 7 - 2?
5
In base 2, what is -1000110 - 101?
-1001011
In base 10, what is 5 - -940?
945
In base 10, what is -17 + 5?
-12
In base 2, what is 1110100 - -1110010?
11100110
In base 6, what is 104222 + 1?
104223
In base 13, what is 39 + a?
46
In base 11, what is 162 + -3?
15a
In base 16, what is 5 + -5c?
-57
In base 3, what is 11112 - 10?
11102
In base 11, what is 244 - 25?
21a
In base 7, what is -4 - 1041?
-1045
In base 15, what is 6a - -35?
a0
In base 11, what is 4 + -3583?
-357a
In base 10, what is 2 + -345?
-343
In base 12, what is 3 - -6?
9
In base 5, what is 1424 + 1?
1430
In base 12, what is -4 - -323?
31b
In base 14, what is 1 - 26?
-25
In base 11, what is 1761 - -3?
1764
In base 7, what is -152 - -20?
-132
In base 16, what is 47ae - -1?
47af
In base 11, what is -3 + -a64?
-a67
In base 9, what is -4 + -2584?
-2588
In base 7, what is 6634 - -1?
6635
In base 6, what is 2 - -232?
234
In base 16, what is 0 + 6a?
6a
In base 4, what is -3 - -1302?
1233
In base 15, what is 3 - a8?
-a5
In base 7, what is 2 - -6026?
6031
In base 10, what is 52 - 3?
49
In base 3, what is 1012120 + -10?
1012110
In base 11, what is -12 + 15a?
148
In base 5, what is -3 + -23?
-31
In base 5, what is 31420 + 2?
31422
In base 13, what is -4 - -976?
972
In base 8, what is 4 + -405?
-401
In base 5, what is 212 - 34?
123
In base 12, what is -84 - 26?
-aa
In base 3, what is -212 - 1?
-220
In base 14, what is -1 - -15?
14
In base 3, what is 122122 - 22?
122100
In base 2, what is -1 - -1100100?
1100011
In base 13, what is -1 - -9?
8
In base 3, what is 10 - 10021?
-10011
In base 7, what is 1144 + 0?
1144
In base 4, what is -211 + -1133?
-2010
In base 5, what is -4204 - -3?
-4201
In base 7, what is 3 - -11154?
11160
In base 4, what is 320 - -130?
1110
In base 12, what is 127 - -12?
139
In base 14, what is -4 - -9?
5
In base 13, what is a + -4?
6
In base 4, what is -23 - 21210?
-21233
In base 11, what is 3077 + 1?
3078
In base 2, what is -110 - 10000?
-10110
In base 16, what is -4c - -40?
-c
In base 3, what is 201210 + -1111?
200022
In base 13, what is -2 + 4?
2
In base 3, what is -12 + -2012200?
-2012212
In base 5, what is -2 + -21210?
-21212
In base 5, what is -1 - 412?
-413
In base 4, what is 3 + 2133?
2202
In base 7, what is 3 - 6?
-3
In base 6, what is -22153 + -3?
-22200
In base 10, what is 0 - 1985?
-1985
In base 13, what is 23 - 18?
8
In base 7, what is 0 + -2540?
-2540
In base 2, what is -11111101011 + 1?
-11111101010
In base 7, what is -5 + -220?
-225
In base 7, what is -41 - -15?
-23
In base 3, what is 10202221 - 2?
10202212
In base 8, what is 2 - -230?
232
In base 2, what is -110100100 - 110?
-110101010
In base 15, what is -2 + 1de?
1dc
In base 13, what is -13 + -13?
-26
In base 8, what is 1113 + 4?
1117
In base 3, what is 22000 - 12?
21211
In base 9, what is 0 - -145?
145
In base 16, what is 15 + 85?
9a
In base 2, what is 10001 + 1000?
11001
In base 9, what is 31 + 0?
31
In base 7, what is -3 - 301?
-304
In base 10, what is 0 + -30?
-30
In base 7, what is -3 - -205?
202
In base 2, what is 111 + 1011010?
1100001
In base 5, what is 3210 + -13?
3142
In base 4, what is 13201 - -2?
13203
In base 3, what is -1 - 1120221?
-1120222
In base 16, what is 1 - 2e?
-2d
In base 3, what is -1102 + -1?
-1110
In base 16, what is 2b0 - -4?
2b4
In base 6, what is 0 - -111?
111
In base 5, what is 2103 + -4?
2044
In base 3, what is -1011001 - 12?
-1011020
In base 13, what is -121 - -2?
-11c
In base 6, what is 0 + -1320?
-1320
In base 13, what is 1 + -663?
-662
In base 13, what is 8 - -83?
8b
In base 3, what is -121210 - -10?
-121200
In base 3, what is -10110 + -10?
-10120
In base 9, what is -6 - 2?
-8
In base 6, what is -12 + -14123?
-14135
In base 14, what is -a + -b?
-17
In base 12, what is -17 + -53?
-6a
In base 11, what is -1017 + 1?
-1016
In base 8, what is 1 + 4034?
4035
In base 8, what is 1 - 21?
-20
In base 9, what is 72 - -2?
74
In base 8, what is -6 - -52?
44
In base 10, what is 1 + 9?
10
In base 7, what is -14355 + 2?
-14353
In base 7, what is -2 + 4450?
4445
In base 5, what is 3 + -30304?
-30301
In base 15, what is -4 + 1624?
1620
In base 15, what is 16 + 2?
18
In base 4, what is -2020 + -13?
-2033
In base 4, what is 2100 - 23?
2011
In base 15, what is e4 - -5?
e9
In base 16, what is 2 + -19f?
-19d
In base 7, what is -5 - 155?
-163
In base 7, what is 4 + 4563?
4600
In base 15, what is -3ba - b?
-3c6
In base 13, what is 28 + -5?
23
In base 3, what is -12121202 - 11?
-12121220
In base 9, what is -300 - -4?
-285
In base 4, what is -31 + 1001?
310
In base 16, what is -1 + 22?
21
In base 12, what is -1157 - 0?
-1157
In base 2, what is 100 + 1111111000?
1111111100
In base 13, what is 45 + 0?
45
In base 2, what is -110 + 101011111?
101011001
In base 8, what is 7 - -46?
55
In base 13, what is 57 + 5?
5c
In base 9, what is -5 - 205?
-211
In base 14, what is -93 - -10?
-83
In base 11, what is -275 + 6?
-26a
In base 13, what is -4bc + -2?
-4c1
In base 7, what is 0 - -5233?
5233
In base 13, what is -6 + 9c?
96
In base 12, what is -73 + 2?
-71
In base 11, what is 23a - 4?
236
In base 16, what is -1bc8 - -1?
-1bc7
In base 11, what is -19 + -19?
-37
In base 9, what is -374 + -10?
-384
In base 15, what is -1 - 9?
-a
In base 9, what is -65 - -3?
-62
In base 15, what is 12 + 1b?
2d
In base 3, what is -2110210210 - 12?
-2110210222
In base 9, what is -3 + 181?
177
In base 14, what is 6 + -47?
-41
In base 4, what is -13 + 32?
13
In base 9, what is 220 + -10?
210
In base 4, what is 13 + -20?
-1
In base 12, what is 1 - 24?
-23
In base 14, what is 6 - -367?
36d
In base 6, what is -140 - -103?
-33
In base 4, what is 1 - 101?
-100
In base 10, what is -2 + 15?
13
In base 13, what is 102 + -4?
cb
In base 6, what is -125 - -5?
-120
In base 4, what is -10 - -1101?
1031
In base 9, what is -10 - 252?
-2